g + 13. Give p(-10).
-17
Let l(d) = -d**3 - d**2 + d - 2. Determine l(-3).
13
Let h(w) = -2*w**3 - 2*w**2 - 8*w - 3. Calculate h(-2).
21
Let i(y) = 3*y**2 + 2*y + 1. Calculate i(-1).
2
Let o(j) = j + 13. What is o(-4)?
9
Let y(f) = f**2 - 2*f - 5. Determine y(6).
19
Let h(z) = -3*z + 38. Calculate h(14).
-4
Let o(c) = c**3 + 14*c**2 + 55*c + 15. Calculate o(-6).
-27
Let m(b) = 2*b**3 - 14*b**2 - 4*b - 8. Give m(7).
-36
Let k(d) = d**3 + 2*d**2 + d + 4. Determine k(0).
4
Let q(k) = 6*k**2 + 1. What is q(0)?
1
Let v(r) = r - 27. Determine v(5).
-22
Let u(m) = m**3 + 9*m**2 + 6*m - 21. Give u(-8).
-5
Let p(k) = -15*k - 112. Determine p(-8).
8
Let a(p) = -2*p + 23. Calculate a(19).
-15
Let f(c) = -c - 22. Calculate f(-15).
-7
Let p(f) = -8*f - 4. Determine p(0).
-4
Let y(q) = q**3 + 3*q**2 + q - 1. Determine y(-1).
0
Let b(h) = -h**3 - 6*h**2 + 94*h - 16. Give b(7).
5
Let j(m) = -7*m - 25. What is j(-4)?
3
Let h(a) = -3*a**2 + 37*a - 8. What is h(12)?
4
Let h(t) = t - 3. Calculate h(7).
4
Let u(f) = f**2 - f. Determine u(4).
12
Let c(h) = -2*h**3 + 43*h**2 - 22*h + 27. Determine c(21).
6
Let z(p) = p + 6. Calculate z(-9).
-3
Let o(f) = f**2 - 10*f + 17. Calculate o(7).
-4
Let q(y) = 11*y - 106. Give q(7).
-29
Let t(p) = -p + 5. Calculate t(-4).
9
Let z(c) = -c**2 + 6*c. Calculate z(-3).
-27
Let d(s) = -s**2 + 2*s - 6. Give d(3).
-9
Let l(r) = -2*r**2 - 10*r + 16. Calculate l(-8).
-32
Let q(a) = -a**2 - a. Determine q(2).
-6
Let i(m) = 5*m**2 - 3*m - 4. What is i(2)?
10
Let m(f) = f**2 - 8*f + 5. Determine m(6).
-7
Let x(a) = a**2 - 24*a + 20. What is x(23)?
-3
Let q(u) = -u**2 + 13. Calculate q(-3).
4
Let j(f) = -21*f + 300. What is j(14)?
6
Let y(p) = -3*p**2 + 2*p - 5. Determine y(4).
-45
Let p(b) = -b**2 - 6*b - 10. Give p(-7).
-17
Let l(y) = -2*y**3 - 6*y**2 - 4*y - 1. What is l(-2)?
-1
Let u(o) = o**3 - 3*o**2 - 62*o + 225. What is u(4)?
-7
Let r(x) = x**2 - 19*x + 15. Calculate r(18).
-3
Let o(g) = -g**3 - g**2 + g. What is o(0)?
0
Let w(f) = -f**2 - 2*f + 1. Give w(-4).
-7
Let h(x) = -19*x - 28. Give h(-4).
48
Let l(p) = -10*p + 22. What is l(3)?
-8
Let p(j) = -10*j + 6. Determine p(0).
6
Let j(z) = 2*z**3 - 6*z**2 - 3*z + 5. What is j(3)?
-4
Let c(k) = 2*k**2 - 17*k + 3. Determine c(10).
33
Let m(b) = b**3 - 23*b**2 + 18*b + 25. Determine m(22).
-63
Let i(q) = -2*q**2 - 4*q - 20. Give i(-5).
-50
Let v(y) = -y**2 - 13. Determine v(0).
-13
Let j(d) = 5*d - 46. Determine j(11).
9
Let y(m) = m**3 + 11*m**2 + 7*m - 6. Determine y(-9).
93
Let o(z) = z**2 + 11*z - 35. What is o(3)?
7
Let r(u) = -2*u - 31. What is r(-14)?
-3
Let i(t) = 12*t + 163. Give i(-14).
-5
Let w(z) = z**2 + 13*z + 1. What is w(-12)?
-11
Let i(y) = -43*y**2 - 21*y - 20. Calculate i(-1).
-42
Let o(u) = 11*u**3 - u**2 - 2*u - 1. What is o(-1)?
-11
Let o(n) = -n**3 + 9*n**2 - 4*n - 22. Determine o(8).
10
Let u(g) = 2*g**2 - 5*g - 6. What is u(-1)?
1
Let p(s) = 3*s - 26. Give p(1).
-23
Let z(g) = g**3 + 5*g**2 + 5*g - 4. Calculate z(-5).
-29
Let s(o) = -4*o - 76. Calculate s(-15).
-16
Let i(w) = w**3 - 8*w**2 - 6*w - 7. Determine i(9).
20
Let f(o) = -o**3 - 20*o**2 - 25*o - 3. What is f(-19)?
111
Let b(i) = 3*i**2 - 5*i + 7. Determine b(1).
5
Let f(i) = 2*i + 21. Give f(-12).
-3
Let l(n) = 3*n - 10. Calculate l(5).
5
Let g(k) = k**3 - 5*k**2 - 6*k - 7. What is g(6)?
-7
Let t(l) = l**2 + 5*l - 5. Determine t(-5).
-5
Let h(t) = -109*t - 874. Calculate h(-8).
-2
Let w(j) = 2*j + 10. Give w(3).
16
Let d(n) = -2*n**2 + 7*n - 10. Determine d(4).
-14
Let b(c) = -c**3 + 2*c**2 + 26*c - 5. Determine b(6).
7
Let i(r) = r**2 + 7*r - 38. What is i(-11)?
6
Let g(t) = 4*t - 12. Give g(-6).
-36
Let j(r) = r**2 + 8*r - 5. What is j(-7)?
-12
Let f(b) = b**2 + 10*b - 3. Determine f(-11).
8
Let d(m) = -m**2 - 15*m + 72. What is d(-16)?
56
Let y(u) = 2*u**2 + 11*u - 2. Give y(-9).
61
Let a(h) = -9*h + 112. Determine a(21).
-77
Let y(x) = -2*x**3 - 52*x**2 + 4*x + 97. Give y(-26).
-7
Let p(r) = r**3 + 2*r**2 - 6*r - 4. Calculate p(-4).
-12
Let b(i) = 6*i - 4. Give b(-8).
-52
Let g(y) = 7*y**2 + 31*y - 25. What is g(-5)?
-5
Let d(m) = -m**3 + 12*m**2 - 9*m + 13. Determine d(11).
35
Let w(i) = -i**3 - 8*i**2 + 6*i + 9. Determine w(-9).
36
Let p(k) = -k**2 - 13*k + 59. Give p(-18).
-31
Let b(m) = 19*m - 5. Give b(2).
33
Let c(n) = n**2 + 138*n - 855. Calculate c(6).
9
Let a(n) = -n**3 + 7*n**2 - 17*n + 18. Determine a(6).
-48
Let x(j) = 3*j + 3. Determine x(-1).
0
Let w(c) = c + 53. Determine w(-15).
38
Let y(v) = v**3 + 59*v**2 + 116*v + 108. Calculate y(-57).
-6
Let m(u) = 2*u**2 - 3*u - 9. Give m(-2).
5
Let k(j) = 24*j + 180. Give k(-7).
12
Let z(h) = h**3 - 6*h**2 + 6*h + 3. What is z(4)?
-5
Let t(x) = x**3 - 6*x**2 - 5*x - 16. Determine t(7).
-2
Let m(r) = r**2 + 5*r - 1. Calculate m(-7).
13
Let f(s) = -2*s - 7. Determine f(3).
-13
Let m(r) = -5*r**2 - 23*r + 19. Calculate m(-6).
-23
Let q(w) = -2*w**2 + 6*w - 8. What is q(4)?
-16
Let a(x) = 9*x + 45. What is a(-4)?
9
Let m(h) = 3*h**2 + 3*h - 1. What is m(-3)?
17
Let p(f) = -3*f + 13. Determine p(5).
-2
Let t(q) = -q - 21. What is t(-17)?
-4
Let z(a) = -a**2 - 5*a - 1. Give z(-8).
-25
Let g(b) = -20*b - 141. Determine g(-7).
-1
Let y(z) = -z**3 - 8*z**2 + 20*z + 98. Calculate y(-9).
-1
Let u(i) = -7*i**2 + 4*i + 9. Determine u(2).
-11
Let j(h) = h**3 + 6*h**2 - 3*h - 24. Give j(-6).
-6
Let o(f) = -f + 8. Give o(-5).
13
Let c(a) = 2*a - 17. Calculate c(10).
3
Let p(u) = -10*u - 1. Calculate p(-1).
9
Let w(b) = b**3 + 8*b**2 + 10*b - 4. Determine w(-6).
8
Let f(n) = n**2 - 5*n - 9. Calculate f(7).
5
Let p(g) = g**2 - 9*g - 8. Give p(9).
-8
Let i(a) = -a**3 - a**2 + 9*a + 15. Calculate i(-2).
1
Let y(h) = 2*h + 3. Give y(-5).
-7
Let w(o) = -o**3 + 5*o - 1. What is w(-4)?
43
Let g(t) = t**2 + t - 3. Calculate g(-4).
9
Let h(j) = 2*j**2 + 18*j + 12. What is h(-8)?
-4
Let h(l) = -2*l**3 + l**2 - l. What is h(1)?
-2
Let h(j) = -j**2 - 5*j + 4. Give h(-5).
4
Let l(p) = p**3 + 7*p**2 + 6*p - 6. What is l(-5)?
14
Let h(f) = f**2 - 2*f - 2. Calculate h(5).
13
Let l(i) = -22*i**2 - 2*i - 3. Calculate l(-1).
-23
Let v(t) = -t**3 - 14*t**2 - 21*t - 17. What is v(-12)?
-53
Let c(f) = -5*f + 12. Calculate c(7).
-23
Let n(s) = -30*s - 469. Give n(-16).
11
Let c(o) = -3*o + 41. Calculate c(20).
-19
Let y(q) = q**3 - 2*q**2 + 8*q + 12. Give y(0).
12
Let a(y) = 13*y**2 - y. Determine a(-2).
54
Let b(j) = j**2 + 2*j - 7. What is b(5)?
28
Let m(u) = -u - 5. Determine m(14).
-19
Let a(h) = -2*h**3 + 4*h**2 - h - 3. What is a(2)?
-5
Let c(o) = 3*o + 2. Calculate c(7).
23
Let h(f) = -6*f**2 - 4*f - 3. Give h(-2).
-19
Let g(s) = -s**3 - 13*s**2 - 19*s + 17. Determine g(-10).
-93
Let b(t) = -6*t + 32. Give b(7).
-10
Let b(f) = -f**2 - 2*f + 10. Give b(-7).
-25
Let b(l) = 4*l**2 + 46*l + 66. Give b(-10).
6
Let l(g) = 4*g - 8. Calculate l(-7).
-36
Let j(z) = z**3 - 5*z**2 + 11*z - 6. Give j(6).
96
Let k(g) = g**2 - 5*g - 91. Determine k(12).
-7
Let t(g) = -g**3 - g**2 - 2*g + 1. What is t(-2)?
9
Let v(s) = 19*s + 155. Calculate v(-8).
3
Let x(f) = -5*f + 1. What is x(-5)?
26
Let k(m) = -24*m - 1. Give k(4).
-97
Let n(s) = -s**2 - 15*s + 11. Calculate n(-17).
-23
Let v(c) = 46*c - 421. Calculate v(9).
-7
Let w(l) = -3*l + 7. Give w(-2).
13
Let r(p) = 8*p - 2. What is r(-2)?
-18
Let x(q) = -5*q**2 + 3*q - 4. Give x(-5).
-144
Let r(x) = x**2 - 3*x - 9. Determine r(-5).
31
Let u(x) = -3*x - 1. What is u(-4)?
11
Let d(l) = 30*l. Give d(2).
60
Let m(d) = 5*d + 115. Calculate m(-21).
10
Let t(m) = m**2 + 15*m - 14. Give t(-15).
-14
Let v(s) = 5*s**2 + 5. Calculate v(0).
5
Let g(j) = -39*j + 10. Determine g(-5).
205
Let d(h) = -h**2 - 14*h. Give d(-10).
40
Let k(y) = -5*y - 2. What is k(5)?
-27
Let k(c) = -c**3 - 10*c**2 + 3*c - 13. Calculate k(-10).
-43
Let p(z) = -3*z**2 - 10*z + 1. Calculate p(-6).
-47
Let f(i) = -12*i - 258. Calculate f(-22).
6
Let w(l) = -5*l - 23. What is w(8)?
-63
Let n(d) = d - 16. Calculate n(13).
-3
Let y(m) = -3*m**3 - m**2 + 2*m. Determine y(-2).
16
Let i(o) = -2*o**3 - 19*o**2 - 14*o - 2. Give i(-9).
43
Let p(v) = v**3 + 4*v**2 - 2*v - 9. What is p(-4)?
-1
Let b(x) = -x**3 + 4*x**2 + 2*x + 3. Give b(4).
11
Let t(k) = k**3 + 11*k**2 - 11*k - 4. What is t(-12)?
-16
Let o(k) = 6*k - 8. Calculate o(-4).
-32
Let t(s) = -66*s + 1. Determine t(-1).
67
Let